164 and m?
164
Let r(j) = 6*j**2 - 5*j - 97. Let z(u) = -3*u**2 + 2*u + 48. Let m(f) = 2*r(f) + 5*z(f). Let h be m(0). Calculate the highest common divisor of 69 and h.
23
Let x = 65 + 39. Let u = x - 86. Suppose -v = 2*l - 16, l + 1 = v - 0*v. Calculate the highest common factor of u and v.
6
Suppose -130 = 22*s - 1824. What is the greatest common divisor of 33 and s?
11
Let x(k) = 6*k - 136. Let j be x(23). Suppose -3*g - 118 = -j*f, 10*f + 2*g = 8*f + 138. What is the highest common factor of f and 20?
5
Suppose -12*a = -18*a. Let b(l) = 431*l + a - 7 + 5 + 3. Let q be b(1). Calculate the greatest common divisor of 48 and q.
48
Suppose 4*p = 4*w + 40, 4*p - 3*w + 0*w - 41 = 0. Suppose -96 = -p*b + 1763. Calculate the highest common divisor of 13 and b.
13
Suppose 0 = x - 2*x + 5*x. Let u be (1 - (-1 - 1))/(x - -3). Let q = u - -16. What is the highest common divisor of 17 and q?
17
Let g(q) = 36*q**3 + 4*q**3 + 3 + 15*q**3 - 2. Let v be g(1). Suppose 2*u = u + 14. Calculate the greatest common divisor of u and v.
14
Suppose -2522 = -4*z - 2*c, 7*c + 3527 = 6*z - 106. Suppose 0 = -0*y - 2*y + 356. Calculate the highest common divisor of z and y.
89
Let r be 48259/17 + 144/612. What is the highest common factor of r and 835?
167
Let p be ((-2898)/7245)/((-23008)/(-23010) + -1). What is the highest common divisor of 354 and p?
354
Suppose -6 = 5*g + w + 112, -3*g + 4*w - 80 = 0. Let l be (-2)/(108/81*1/g). Calculate the greatest common factor of l and 30.
6
Suppose 0 = -3*b + 4*b - 4*b. Suppose b*j = -j + 2. Let q be 1*-36*(j + (-24)/9). What is the greatest common divisor of 16 and q?
8
Let u be 14 + 13 + (-38290)/(-10). Calculate the greatest common factor of 32 and u.
16
Let m = 5 + -5. Suppose -8 = -5*d + 3*x, d + 2*x + 1 = -m*d. Let l(j) = 55*j + 1. Let p be l(d). Calculate the greatest common factor of 14 and p.
14
Suppose 11*a - 226 = 192. Suppose 9*y = a*y - 232. Calculate the highest common factor of y and 3.
1
Suppose -8*a - 5 = -245. Let y = a - 28. Suppose y*j - 66 = -j. Calculate the highest common divisor of j and 154.
22
Suppose 11*v - 8*v = -19*v + 968. What is the greatest common divisor of 5192 and v?
44
Let c(i) = i**2 - 10*i - 7. Let k be c(5). Let u be (-14)/(-70) + (-74)/(-5) + -3. Let m be 3/u + (-88)/k. What is the greatest common factor of 3 and m?
3
Let i(p) = p**3 + 9*p**2 + 11*p + 6. Let o be i(-7). Let q = 1706 + -1571. Calculate the highest common factor of o and q.
27
Let y(b) = -b**2 + 8*b - 2. Let n be y(8). Let w be -1*((n - -3) + -27). Let k be (-38)/(-5) - w/(-65). What is the greatest common factor of k and 8?
8
Suppose 37811 = 50*d - 7689. Calculate the highest common factor of 2470 and d.
130
Let o(x) = -16*x + 3. Let i be o(-3). Let n = i + -41. Suppose -g + 5*g = 440. Calculate the highest common factor of g and n.
10
Let a be ((-1 + 2)*17 + 2)/(38/3838). What is the highest common factor of 19 and a?
19
Let y be 48/21 + 4/(-14). Let h be (-41 + y)/((-6)/4). Let s = 15998 + -15920. Calculate the greatest common factor of s and h.
26
Let t be -4*63/(-13 + 4). What is the greatest common divisor of 6636 and t?
28
Let v = 584 - 44. Suppose 20*p - 2*p - v = 0. Suppose -4*a + 309 = -3*l, -2*a = -3*a - 2*l + 69. What is the greatest common factor of p and a?
15
Let p = 149 + -121. Suppose -p - 1 = -4*x + 3*l, 0 = -3*l - 9. Suppose x*z + 10 = 0, n - 4*z + 10 = 360. Calculate the greatest common divisor of n and 38.
38
Suppose -169*j = -174*j + 3206 - 556. What is the highest common factor of j and 25?
5
Let p(l) = l**3 + 5*l**2 - 17*l - 5. Let k be p(-7). Suppose f + 92 = -k. Let r be (10/(-4) - -2)/(3/f). What is the highest common divisor of 18 and r?
18
Let f(z) = z**3 + 36*z**2 + 61*z - 86. Let y be f(-34). What is the highest common divisor of 5700 and y?
76
Let c be (51/68)/((-2)/(-8)). What is the highest common divisor of 699 and c?
3
Let z be (-2 + -1)*-10*3. Let h = 199 - 191. Let n be (9/(-12) + 3)/(2/h). Calculate the highest common factor of z and n.
9
Let g = 10201 - 10156. Calculate the highest common divisor of 4575 and g.
15
Let c be 321 - (15/5 - 1). Let d = -215 + c. What is the highest common factor of 16 and d?
8
Let l = -27 + -28. Let k be (-10)/l - 31/(-11). Suppose 4*y = -0*p + 5*p - k, 0 = -3*p - 4*y + 21. Calculate the greatest common divisor of p and 9.
3
Suppose 4*w - 57 = -c, 2*c = 2*w + 57 + 57. Suppose 0 = -4*u + 105 - c. Calculate the greatest common factor of u and 156.
12
Let w(x) = -73*x - 5744. Let z be w(-79). Calculate the highest common divisor of z and 1840.
23
Let u be 850/(-1) - (14 + 0 - 15). Let x = u + 861. Calculate the highest common divisor of x and 6.
6
Let d = 16441 + -15811. Calculate the greatest common factor of d and 28.
14
Let s(y) = 3*y**3 - 4*y**2 + 2*y. Let p be s(2). Let j = -86 + 86. Let t(k) = -2*k**2 - k + 60. Let i be t(j). What is the highest common divisor of p and i?
12
Let n(j) be the second derivative of j**4/2 + j**3/6 + 11*j. Let u be n(-1). Let d be (36 - 3 - 0) + 1 + 1. What is the greatest common divisor of u and d?
5
Suppose 13*p - 227 = -15*o + 14*o, 0 = 3*p + 5*o - 81. What is the highest common factor of 55947 and p?
17
Suppose -40*j + 49 = 5*m - 39*j, 0 = 3*m - 4*j - 11. What is the highest common divisor of m and 546?
3
Let s be (9/(-54))/((-3)/(-60))*-441. What is the highest common factor of s and 45?
15
Suppose -9*q - 4*q = -390. Let n(z) = -z**3 - 14*z**2 + 17*z - 30. Let w be n(-16). Calculate the highest common divisor of w and q.
30
Suppose 26*k = 14*k + 20304. Calculate the greatest common factor of k and 24.
12
Let x = -5806 + 5826. What is the greatest common factor of x and 635?
5
Let t = -28 - -48. Let y be t - ((6 - 2) + -3). Let p be -3*1/3*-152. Calculate the greatest common divisor of p and y.
19
Let w(a) = 2*a - 174. Let q(i) = i - 87. Let m(c) = -7*q(c) + 3*w(c). Let b be m(-9). Calculate the highest common factor of 36 and b.
12
Let z = 5518 + -5497. What is the highest common factor of z and 679?
7
Let m = 26283 - 25725. Calculate the greatest common divisor of 1581 and m.
93
Let x = -372 - -494. Suppose -6*h = -x - 208. Let p = 15 - 10. What is the greatest common factor of h and p?
5
Let w be 833/(-105) + 8 + 1078/30. Suppose 320 = 17*q - 139. What is the greatest common factor of w and q?
9
Suppose 0 = -37*r + 34*r + 96. Let v = -160 - -264. Calculate the greatest common factor of r and v.
8
Suppose -18 = 1867*k - 1873*k. Suppose n - 3 = 3*q, 4*q = n - 0*n - 1. Let g = 3 + n. Calculate the highest common divisor of k and g.
3
Suppose 210 = 5*o + 3*m, 3*m + 34 = 4*o - 161. Suppose -4*h + 495 = 7*h + 44*h. Calculate the greatest common factor of o and h.
9
Let z(x) = -495*x - 55. Let l be z(-2). Calculate the greatest common divisor of 1705 and l.
55
Let b(u) = 25*u**2 + 205*u + 2066. Let l be b(-10). Calculate the greatest common divisor of l and 340.
68
Let h(w) = -2*w + 73 + 2*w + w**3 + 3*w - 11*w**2. Let u be h(10). Let d = 7 - 4. Calculate the highest common divisor of d and u.
3
Let z = -25713 - -25723. Calculate the greatest common divisor of z and 445.
5
Let n = -198 + 120. Let j = 50 + n. Let r be (j - (-4)/(-2))/(8/(-8)). What is the highest common factor of r and 6?
6
Suppose -2*h + 6*v = -42, 846*h + 2*v = 845*h + 61. Suppose -4*i - 3*y = -99, 0 = i + y - 20 - 4. Calculate the greatest common factor of i and h.
9
Suppose -5*v + 65 = 15. Let l(i) = i**3 - 11*i**2 + 8*i + 32. Let n be l(v). What is the highest common factor of n and 348?
12
Suppose 72*u + 5952 = 306*u - 22128. What is the greatest common divisor of 15720 and u?
120
Let o(g) = -g**3 - g**2 - 5*g + 72. Let k be o(-12). Calculate the highest common divisor of k and 220.
44
Suppose -m - 4*p + 6*p = 22, -4*m - 84 = -4*p. Let o be (-494)/(-4) + 110/m + 6. Calculate the highest common divisor of o and 186.
62
Suppose 47*j - 11*j + 23*j = 3422. Calculate the greatest common divisor of j and 4.
2
Suppose -4*z = -z - 6. Let a(n) = -3*n + 37. Let u be a(7). What is the highest common factor of u and z?
2
Let q be (-1640)/32*(72/15)/(-2). Calculate the highest common factor of 3 and q.
3
Let p = -6776 - -7164. Calculate the greatest common factor of p and 8.
4
Suppose 5*k + 2*x = 3110, 5*k - 42*x - 3115 = -43*x. What is the greatest common f